{"id":15,"date":"2023-10-16T09:29:13","date_gmt":"2023-10-16T07:29:13","guid":{"rendered":"https:\/\/www.espritdentreprendre.fr\/nouveau-site\/?page_id=15"},"modified":"2023-10-17T16:24:51","modified_gmt":"2023-10-17T14:24:51","slug":"contact","status":"publish","type":"page","link":"https:\/\/www.espritdentreprendre.fr\/nouveau-site\/contact\/","title":{"rendered":"Contact"},"content":{"rendered":"<p>[et_pb_section fb_built=\u00a0\u00bb1&Prime; admin_label=\u00a0\u00bbsection\u00a0\u00bb _builder_version=\u00a0\u00bb4.16&Prime; global_colors_info=\u00a0\u00bb{}\u00a0\u00bb][et_pb_row column_structure=\u00a0\u00bb1_2,1_2&Prime; admin_label=\u00a0\u00bbrow\u00a0\u00bb _builder_version=\u00a0\u00bb4.22.2&Prime; background_size=\u00a0\u00bbinitial\u00a0\u00bb background_position=\u00a0\u00bbtop_left\u00a0\u00bb background_repeat=\u00a0\u00bbrepeat\u00a0\u00bb hover_enabled=\u00a0\u00bb0&Prime; global_colors_info=\u00a0\u00bb{}\u00a0\u00bb disabled_on=\u00a0\u00bboff|off|off\u00a0\u00bb sticky_enabled=\u00a0\u00bb0&Prime;][et_pb_column type=\u00a0\u00bb1_2&Prime; _builder_version=\u00a0\u00bb4.16&Prime; custom_padding=\u00a0\u00bb|||\u00a0\u00bb global_colors_info=\u00a0\u00bb{}\u00a0\u00bb custom_padding__hover=\u00a0\u00bb|||\u00a0\u00bb][et_pb_text _builder_version=\u00a0\u00bb4.22.2&Prime; _module_preset=\u00a0\u00bbdefault\u00a0\u00bb text_text_color=\u00a0\u00bb#FECB21&Prime; text_font_size=\u00a0\u00bb35px\u00a0\u00bb text_orientation=\u00a0\u00bbcenter\u00a0\u00bb text_font_size_tablet=\u00a0\u00bb25px\u00a0\u00bb text_font_size_phone=\u00a0\u00bb20px\u00a0\u00bb text_font_size_last_edited=\u00a0\u00bbon|phone\u00a0\u00bb global_colors_info=\u00a0\u00bb{}\u00a0\u00bb]<\/p>\n<p>Chamb\u00e9ry (73)<\/p>\n<p>[\/et_pb_text][et_pb_text _builder_version=\u00a0\u00bb4.22.2&Prime; _module_preset=\u00a0\u00bbdefault\u00a0\u00bb text_text_color=\u00a0\u00bb#000000&Prime; text_font_size=\u00a0\u00bb16px\u00a0\u00bb text_orientation=\u00a0\u00bbcenter\u00a0\u00bb text_font_size_tablet=\u00a0\u00bb16px\u00a0\u00bb text_font_size_phone=\u00a0\u00bb14px\u00a0\u00bb text_font_size_last_edited=\u00a0\u00bbon|phone\u00a0\u00bb global_colors_info=\u00a0\u00bb{}\u00a0\u00bb]334, rue Nicolas Parent<br \/>\n03 03 03 03 03 | mail@mail.fr[\/et_pb_text][\/et_pb_column][et_pb_column type=\u00a0\u00bb1_2&Prime; _builder_version=\u00a0\u00bb4.22.2&Prime; _module_preset=\u00a0\u00bbdefault\u00a0\u00bb global_colors_info=\u00a0\u00bb{}\u00a0\u00bb][et_pb_text _builder_version=\u00a0\u00bb4.22.2&Prime; _module_preset=\u00a0\u00bbdefault\u00a0\u00bb text_text_color=\u00a0\u00bb#FECB21&Prime; text_font_size=\u00a0\u00bb35px\u00a0\u00bb text_orientation=\u00a0\u00bbcenter\u00a0\u00bb text_font_size_tablet=\u00a0\u00bb25px\u00a0\u00bb text_font_size_phone=\u00a0\u00bb20px\u00a0\u00bb text_font_size_last_edited=\u00a0\u00bbon|phone\u00a0\u00bb global_colors_info=\u00a0\u00bb{}\u00a0\u00bb]Chagny (71)[\/et_pb_text][et_pb_text _builder_version=\u00a0\u00bb4.22.2&Prime; _module_preset=\u00a0\u00bbdefault\u00a0\u00bb text_text_color=\u00a0\u00bb#000000&Prime; text_font_size=\u00a0\u00bb16px\u00a0\u00bb text_orientation=\u00a0\u00bbcenter\u00a0\u00bb text_font_size_tablet=\u00a0\u00bb16px\u00a0\u00bb text_font_size_phone=\u00a0\u00bb14px\u00a0\u00bb text_font_size_last_edited=\u00a0\u00bbon|phone\u00a0\u00bb global_colors_info=\u00a0\u00bb{}\u00a0\u00bb]av. G\u00e9n\u00e9ral de Gaulle<br \/>\n03 03 03 03 03 | mail@mail.fr[\/et_pb_text][\/et_pb_column][\/et_pb_row][et_pb_row _builder_version=\u00a0\u00bb4.22.2&Prime; _module_preset=\u00a0\u00bbdefault\u00a0\u00bb global_colors_info=\u00a0\u00bb{}\u00a0\u00bb][et_pb_column type=\u00a0\u00bb4_4&Prime; _builder_version=\u00a0\u00bb4.22.2&Prime; _module_preset=\u00a0\u00bbdefault\u00a0\u00bb global_colors_info=\u00a0\u00bb{}\u00a0\u00bb][et_pb_code _builder_version=\u00a0\u00bb4.22.2&Prime; _module_preset=\u00a0\u00bbdefault\u00a0\u00bb global_colors_info=\u00a0\u00bb{}\u00a0\u00bb]<div class=\"forminator-ui forminator-custom-form forminator-custom-form-349 forminator-design--default  forminator_ajax\" data-forminator-render=\"0\" data-form=\"forminator-module-349\" data-uid=\"69d0cf330f28f\"><br\/><\/div><form\n\t\t\t\tid=\"forminator-module-349\"\n\t\t\t\tclass=\"forminator-ui forminator-custom-form forminator-custom-form-349 forminator-design--default  forminator_ajax\"\n\t\t\t\tmethod=\"post\"\n\t\t\t\tdata-forminator-render=\"0\"\n\t\t\t\tdata-form-id=\"349\"\n\t\t\t\t\n\t\t\t\tdata-design=\"default\"\n\t\t\t\t\n\t\t\t\t\n\t\t\t\t\n\t\t\t\tdata-grid=\"open\"\n\t\t\t\t\n\t\t\t\t\n\t\t\t\tstyle=\"display: none;\"\n\t\t\t\t\n\t\t\t\tdata-uid=\"69d0cf330f28f\"\n\t\t\t><div role=\"alert\" aria-live=\"polite\" class=\"forminator-response-message forminator-error\" aria-hidden=\"true\"><\/div><div class=\"forminator-row\"><div id=\"name-1\" class=\"forminator-field-name forminator-col forminator-col-6 \"><div class=\"forminator-field\"><input type=\"text\" name=\"name-1\" value=\"\" placeholder=\"Nom\" id=\"forminator-field-name-1_69d0cf330f28f\" class=\"forminator-input forminator-name--field\" aria-required=\"true\" \/><\/div><\/div><div id=\"name-2\" class=\"forminator-field-name forminator-col forminator-col-6 \"><div class=\"forminator-field\"><input type=\"text\" name=\"name-2\" value=\"\" placeholder=\"Pr\u00e9nom\" id=\"forminator-field-name-2_69d0cf330f28f\" class=\"forminator-input forminator-name--field\" aria-required=\"true\" \/><\/div><\/div><\/div><div class=\"forminator-row\"><div id=\"phone-1\" class=\"forminator-field-phone forminator-col forminator-col-12 \"><div class=\"forminator-field\"><input type=\"text\" name=\"phone-1\" value=\"\" placeholder=\"T\u00e9l\u00e9phone\" id=\"forminator-field-phone-1_69d0cf330f28f\" class=\"forminator-input forminator-field--phone\" data-required=\"\" aria-required=\"false\" autocomplete=\"off\" \/><\/div><\/div><\/div><div class=\"forminator-row\"><div id=\"email-1\" class=\"forminator-field-email forminator-col forminator-col-12 \"><div class=\"forminator-field\"><input type=\"email\" name=\"email-1\" value=\"\" placeholder=\"Mail\" id=\"forminator-field-email-1_69d0cf330f28f\" class=\"forminator-input forminator-email--field\" data-required=\"1\" aria-required=\"true\" \/><\/div><\/div><\/div><div class=\"forminator-row\"><div id=\"text-1\" class=\"forminator-field-text forminator-col forminator-col-12 \"><div class=\"forminator-field\"><input type=\"text\" name=\"text-1\" value=\"\" placeholder=\"Adresse\" id=\"forminator-field-text-1_69d0cf330f28f\" class=\"forminator-input forminator-name--field\" data-required=\"\" \/><\/div><\/div><\/div><div class=\"forminator-row\"><div id=\"address-1\" class=\"forminator-field-address forminator-col forminator-col-6  adresse-box\"><div class=\"forminator-row\" data-multiple=\"false\"><div id=\"address-1-city\" class=\"forminator-col forminator-col-12\"><div class=\"forminator-field\"><input type=\"text\" name=\"address-1-city\" placeholder=\"Ville\" id=\"forminator-field-address-1-city_69d0cf330f28f\" class=\"forminator-input\" data-required=\"\" aria-required=\"false\" value=\"\" \/><\/div><\/div><\/div><\/div><div id=\"address-2\" class=\"forminator-field-address forminator-col forminator-col-6  adresse-box\"><div class=\"forminator-row\" data-multiple=\"false\"><div id=\"address-2-zip\" class=\"forminator-col forminator-col-12\"><div class=\"forminator-field\"><input type=\"text\" name=\"address-2-zip\" placeholder=\"Code postal\" id=\"forminator-field-address-2-zip_69d0cf330f28f\" class=\"forminator-input\" value=\"\" \/><\/div><\/div><\/div><\/div><\/div><div class=\"forminator-row\"><div id=\"textarea-1\" class=\"forminator-field-textarea forminator-col forminator-col-12 \"><div class=\"forminator-field\"><textarea name=\"textarea-1\" placeholder=\"Votre message...\" id=\"forminator-field-textarea-1_69d0cf330f28f\" class=\"forminator-textarea\" rows=\"6\" style=\"min-height:140px;\" ><\/textarea><\/div><\/div><\/div><div class=\"forminator-row\"><div id=\"consent-1\" class=\"forminator-field-consent forminator-col forminator-col-12 \"><div class=\"forminator-field\"><div class=\"forminator-checkbox__wrapper\"><label for=\"forminator-field-consent-1_69d0cf330f28f\" id=\"forminator-field-consent-1_69d0cf330f28f__label\" class=\"forminator-checkbox forminator-consent\" style=\"margin: 0;\"><input type=\"checkbox\" name=\"consent-1\" id=\"forminator-field-consent-1_69d0cf330f28f\" value=\"checked\" aria-labelledby=\"forminator-field-consent-1_69d0cf330f28f-label\" aria-describedby=\"forminator-field-consent-1_69d0cf330f28f__description\" data-required=\"true\" aria-required=\"true\" \/><span class=\"forminator-checkbox-box\" aria-hidden=\"true\"><\/span><\/label><div id=\"forminator-field-consent-1_69d0cf330f28f__description\" class=\"forminator-checkbox__label forminator-consent__label\"><p>En renseignant ce formulaire, j\u2019accepte que mes donn\u00e9es soient utilis\u00e9es pour le traitement de ma demande dans le respect de la politique de confidentialit\u00e9 des donn\u00e9es.<\/p><\/div><\/div><\/div><\/div><\/div><div class=\"forminator-row\"><div id=\"captcha-1\" class=\"forminator-field-captcha forminator-col forminator-col-12 \"><div class=\"forminator-g-recaptcha recaptcha-invisible\" data-theme=\"light\" data-badge=\"inline\" data-sitekey=\"6LesTKsoAAAAAAjcEE4vpokbwXlpwVsPpfDNeSGo\" data-size=\"invisible\"><\/div> <\/div><\/div><input type=\"hidden\" name=\"referer_url\" value=\"\" \/><div class=\"forminator-row forminator-row-last\"><div class=\"forminator-col\"><div class=\"forminator-field\"><button class=\"forminator-button forminator-button-submit\">Envoyer<\/button><\/div><\/div><\/div><input type=\"hidden\" id=\"forminator_nonce\" name=\"forminator_nonce\" value=\"def0415ca9\" \/><input type=\"hidden\" name=\"_wp_http_referer\" value=\"\/nouveau-site\/wp-json\/wp\/v2\/pages\/15\" \/><input type=\"hidden\" name=\"form_id\" value=\"349\"><input type=\"hidden\" name=\"page_id\" value=\"15\"><input type=\"hidden\" name=\"form_type\" value=\"default\"><input type=\"hidden\" name=\"current_url\" value=\"https:\/\/www.espritdentreprendre.fr\/nouveau-site\/contact\/\"><input type=\"hidden\" name=\"render_id\" value=\"0\"><input type=\"hidden\" name=\"action\" value=\"forminator_submit_form_custom-forms\"><\/form>[\/et_pb_code][\/et_pb_column][\/et_pb_row][\/et_pb_section]<\/p>\n","protected":false},"excerpt":{"rendered":"<p>Chamb\u00e9ry (73)334, rue Nicolas Parent 03 03 03 03 03 | mail@mail.frChagny (71)av. G\u00e9n\u00e9ral de Gaulle 03 03 03 03 03 | mail@mail.fr<div class=\"forminator-ui forminator-custom-form forminator-custom-form-349 forminator-design--default  forminator_ajax\" data-forminator-render=\"1\" data-form=\"forminator-module-349\" data-uid=\"69d0cf33430a2\"><br\/><\/div><form\n\t\t\t\tid=\"forminator-module-349\"\n\t\t\t\tclass=\"forminator-ui forminator-custom-form forminator-custom-form-349 forminator-design--default  forminator_ajax\"\n\t\t\t\tmethod=\"post\"\n\t\t\t\tdata-forminator-render=\"1\"\n\t\t\t\tdata-form-id=\"349\"\n\t\t\t\t\n\t\t\t\tdata-design=\"default\"\n\t\t\t\t\n\t\t\t\t\n\t\t\t\t\n\t\t\t\tdata-grid=\"open\"\n\t\t\t\t\n\t\t\t\t\n\t\t\t\tstyle=\"display: none;\"\n\t\t\t\t\n\t\t\t\tdata-uid=\"69d0cf33430a2\"\n\t\t\t><div role=\"alert\" aria-live=\"polite\" class=\"forminator-response-message forminator-error\" aria-hidden=\"true\"><\/div><div class=\"forminator-row\"><div id=\"name-1\" class=\"forminator-field-name forminator-col forminator-col-6 \"><div class=\"forminator-field\"><input type=\"text\" name=\"name-1\" value=\"\" placeholder=\"Nom\" id=\"forminator-field-name-1_69d0cf33430a2\" class=\"forminator-input forminator-name--field\" aria-required=\"true\" \/><\/div><\/div><div id=\"name-2\" class=\"forminator-field-name forminator-col forminator-col-6 \"><div class=\"forminator-field\"><input type=\"text\" name=\"name-2\" value=\"\" placeholder=\"Pr\u00e9nom\" id=\"forminator-field-name-2_69d0cf33430a2\" class=\"forminator-input forminator-name--field\" aria-required=\"true\" \/><\/div><\/div><\/div><div class=\"forminator-row\"><div id=\"phone-1\" class=\"forminator-field-phone forminator-col forminator-col-12 \"><div class=\"forminator-field\"><input type=\"text\" name=\"phone-1\" value=\"\" placeholder=\"T\u00e9l\u00e9phone\" id=\"forminator-field-phone-1_69d0cf33430a2\" class=\"forminator-input forminator-field--phone\" data-required=\"\" aria-required=\"false\" autocomplete=\"off\" \/><\/div><\/div><\/div><div class=\"forminator-row\"><div id=\"email-1\" class=\"forminator-field-email forminator-col forminator-col-12 \"><div class=\"forminator-field\"><input type=\"email\" name=\"email-1\" value=\"\" placeholder=\"Mail\" id=\"forminator-field-email-1_69d0cf33430a2\" class=\"forminator-input forminator-email--field\" data-required=\"1\" aria-required=\"true\" \/><\/div><\/div><\/div><div class=\"forminator-row\"><div id=\"text-1\" class=\"forminator-field-text forminator-col forminator-col-12 \"><div class=\"forminator-field\"><input type=\"text\" name=\"text-1\" value=\"\" placeholder=\"Adresse\" id=\"forminator-field-text-1_69d0cf33430a2\" class=\"forminator-input forminator-name--field\" data-required=\"\" \/><\/div><\/div><\/div><div class=\"forminator-row\"><div id=\"address-1\" class=\"forminator-field-address forminator-col forminator-col-6  adresse-box\"><div class=\"forminator-row\" data-multiple=\"false\"><div id=\"address-1-city\" class=\"forminator-col forminator-col-12\"><div class=\"forminator-field\"><input type=\"text\" name=\"address-1-city\" placeholder=\"Ville\" id=\"forminator-field-address-1-city_69d0cf33430a2\" class=\"forminator-input\" data-required=\"\" aria-required=\"false\" value=\"\" \/><\/div><\/div><\/div><\/div><div id=\"address-2\" class=\"forminator-field-address forminator-col forminator-col-6  adresse-box\"><div class=\"forminator-row\" data-multiple=\"false\"><div id=\"address-2-zip\" class=\"forminator-col forminator-col-12\"><div class=\"forminator-field\"><input type=\"text\" name=\"address-2-zip\" placeholder=\"Code postal\" id=\"forminator-field-address-2-zip_69d0cf33430a2\" class=\"forminator-input\" value=\"\" \/><\/div><\/div><\/div><\/div><\/div><div class=\"forminator-row\"><div id=\"textarea-1\" class=\"forminator-field-textarea forminator-col forminator-col-12 \"><div class=\"forminator-field\"><textarea name=\"textarea-1\" placeholder=\"Votre message...\" id=\"forminator-field-textarea-1_69d0cf33430a2\" class=\"forminator-textarea\" rows=\"6\" style=\"min-height:140px;\" ><\/textarea><\/div><\/div><\/div><div class=\"forminator-row\"><div id=\"consent-1\" class=\"forminator-field-consent forminator-col forminator-col-12 \"><div class=\"forminator-field\"><div class=\"forminator-checkbox__wrapper\"><label for=\"forminator-field-consent-1_69d0cf33430a2\" id=\"forminator-field-consent-1_69d0cf33430a2__label\" class=\"forminator-checkbox forminator-consent\" style=\"margin: 0;\"><input type=\"checkbox\" name=\"consent-1\" id=\"forminator-field-consent-1_69d0cf33430a2\" value=\"checked\" aria-labelledby=\"forminator-field-consent-1_69d0cf33430a2-label\" aria-describedby=\"forminator-field-consent-1_69d0cf33430a2__description\" data-required=\"true\" aria-required=\"true\" \/><span class=\"forminator-checkbox-box\" aria-hidden=\"true\"><\/span><\/label><div id=\"forminator-field-consent-1_69d0cf33430a2__description\" class=\"forminator-checkbox__label forminator-consent__label\"><p>En renseignant ce formulaire, j\u2019accepte que mes donn\u00e9es soient utilis\u00e9es pour le traitement de ma demande dans le respect de la politique de confidentialit\u00e9 des donn\u00e9es.<\/p><\/div><\/div><\/div><\/div><\/div><div class=\"forminator-row\"><div id=\"captcha-1\" class=\"forminator-field-captcha forminator-col forminator-col-12 \"><div class=\"forminator-g-recaptcha recaptcha-invisible\" data-theme=\"light\" data-badge=\"inline\" data-sitekey=\"6LesTKsoAAAAAAjcEE4vpokbwXlpwVsPpfDNeSGo\" data-size=\"invisible\"><\/div> <\/div><\/div><input type=\"hidden\" name=\"referer_url\" value=\"\" \/><div class=\"forminator-row forminator-row-last\"><div class=\"forminator-col\"><div class=\"forminator-field\"><button class=\"forminator-button forminator-button-submit\">Envoyer<\/button><\/div><\/div><\/div><input type=\"hidden\" id=\"forminator_nonce\" name=\"forminator_nonce\" value=\"def0415ca9\" \/><input type=\"hidden\" name=\"_wp_http_referer\" value=\"\/nouveau-site\/wp-json\/wp\/v2\/pages\/15\" \/><input type=\"hidden\" name=\"form_id\" value=\"349\"><input type=\"hidden\" name=\"page_id\" value=\"15\"><input type=\"hidden\" name=\"form_type\" value=\"default\"><input type=\"hidden\" name=\"current_url\" value=\"https:\/\/www.espritdentreprendre.fr\/nouveau-site\/contact\/\"><input type=\"hidden\" name=\"render_id\" value=\"1\"><input type=\"hidden\" name=\"action\" value=\"forminator_submit_form_custom-forms\"><\/form><\/p>\n","protected":false},"author":1,"featured_media":0,"parent":0,"menu_order":0,"comment_status":"closed","ping_status":"closed","template":"","meta":{"_et_pb_use_builder":"on","_et_pb_old_content":"","_et_gb_content_width":"","footnotes":""},"class_list":["post-15","page","type-page","status-publish","hentry"],"acf":[],"yoast_head":"<!-- This site is optimized with the Yoast SEO plugin v21.5 - https:\/\/yoast.com\/wordpress\/plugins\/seo\/ -->\n<title>Contact - Esprit d&#039;entreprendre<\/title>\n<meta name=\"robots\" content=\"index, follow, max-snippet:-1, max-image-preview:large, max-video-preview:-1\" \/>\n<link rel=\"canonical\" href=\"https:\/\/www.espritdentreprendre.fr\/nouveau-site\/contact\/\" \/>\n<meta property=\"og:locale\" content=\"fr_FR\" \/>\n<meta property=\"og:type\" content=\"article\" \/>\n<meta property=\"og:title\" content=\"Contact - Esprit d&#039;entreprendre\" \/>\n<meta property=\"og:description\" content=\"Chamb\u00e9ry (73)334, rue Nicolas Parent 03 03 03 03 03 | mail@mail.frChagny (71)av. G\u00e9n\u00e9ral de Gaulle 03 03 03 03 03 | mail@mail.fr\" \/>\n<meta property=\"og:url\" content=\"https:\/\/www.espritdentreprendre.fr\/nouveau-site\/contact\/\" \/>\n<meta property=\"og:site_name\" content=\"Esprit d&#039;entreprendre\" \/>\n<meta property=\"article:modified_time\" content=\"2023-10-17T14:24:51+00:00\" \/>\n<meta name=\"twitter:card\" content=\"summary_large_image\" \/>\n<meta name=\"twitter:label1\" content=\"Dur\u00e9e de lecture estim\u00e9e\" \/>\n\t<meta name=\"twitter:data1\" content=\"2 minutes\" \/>\n<script type=\"application\/ld+json\" class=\"yoast-schema-graph\">{\"@context\":\"https:\/\/schema.org\",\"@graph\":[{\"@type\":\"WebPage\",\"@id\":\"https:\/\/www.espritdentreprendre.fr\/nouveau-site\/contact\/\",\"url\":\"https:\/\/www.espritdentreprendre.fr\/nouveau-site\/contact\/\",\"name\":\"Contact - Esprit d&#039;entreprendre\",\"isPartOf\":{\"@id\":\"https:\/\/www.espritdentreprendre.fr\/nouveau-site\/#website\"},\"datePublished\":\"2023-10-16T07:29:13+00:00\",\"dateModified\":\"2023-10-17T14:24:51+00:00\",\"breadcrumb\":{\"@id\":\"https:\/\/www.espritdentreprendre.fr\/nouveau-site\/contact\/#breadcrumb\"},\"inLanguage\":\"fr-FR\",\"potentialAction\":[{\"@type\":\"ReadAction\",\"target\":[\"https:\/\/www.espritdentreprendre.fr\/nouveau-site\/contact\/\"]}]},{\"@type\":\"BreadcrumbList\",\"@id\":\"https:\/\/www.espritdentreprendre.fr\/nouveau-site\/contact\/#breadcrumb\",\"itemListElement\":[{\"@type\":\"ListItem\",\"position\":1,\"name\":\"Accueil\",\"item\":\"https:\/\/www.espritdentreprendre.fr\/nouveau-site\/\"},{\"@type\":\"ListItem\",\"position\":2,\"name\":\"Contact\"}]},{\"@type\":\"WebSite\",\"@id\":\"https:\/\/www.espritdentreprendre.fr\/nouveau-site\/#website\",\"url\":\"https:\/\/www.espritdentreprendre.fr\/nouveau-site\/\",\"name\":\"Esprit d&#039;entreprendre\",\"description\":\"Un site utilisant WordPress\",\"publisher\":{\"@id\":\"https:\/\/www.espritdentreprendre.fr\/nouveau-site\/#organization\"},\"potentialAction\":[{\"@type\":\"SearchAction\",\"target\":{\"@type\":\"EntryPoint\",\"urlTemplate\":\"https:\/\/www.espritdentreprendre.fr\/nouveau-site\/?s={search_term_string}\"},\"query-input\":\"required name=search_term_string\"}],\"inLanguage\":\"fr-FR\"},{\"@type\":\"Organization\",\"@id\":\"https:\/\/www.espritdentreprendre.fr\/nouveau-site\/#organization\",\"name\":\"Esprit d&#039;entreprendre\",\"url\":\"https:\/\/www.espritdentreprendre.fr\/nouveau-site\/\",\"logo\":{\"@type\":\"ImageObject\",\"inLanguage\":\"fr-FR\",\"@id\":\"https:\/\/www.espritdentreprendre.fr\/nouveau-site\/#\/schema\/logo\/image\/\",\"url\":\"https:\/\/www.espritdentreprendre.fr\/nouveau-site\/wp-content\/uploads\/2023\/10\/img_Logotype.webp\",\"contentUrl\":\"https:\/\/www.espritdentreprendre.fr\/nouveau-site\/wp-content\/uploads\/2023\/10\/img_Logotype.webp\",\"width\":681,\"height\":934,\"caption\":\"Esprit d&#039;entreprendre\"},\"image\":{\"@id\":\"https:\/\/www.espritdentreprendre.fr\/nouveau-site\/#\/schema\/logo\/image\/\"}}]}<\/script>\n<!-- \/ Yoast SEO plugin. -->","yoast_head_json":{"title":"Contact - Esprit d&#039;entreprendre","robots":{"index":"index","follow":"follow","max-snippet":"max-snippet:-1","max-image-preview":"max-image-preview:large","max-video-preview":"max-video-preview:-1"},"canonical":"https:\/\/www.espritdentreprendre.fr\/nouveau-site\/contact\/","og_locale":"fr_FR","og_type":"article","og_title":"Contact - Esprit d&#039;entreprendre","og_description":"Chamb\u00e9ry (73)334, rue Nicolas Parent 03 03 03 03 03 | mail@mail.frChagny (71)av. G\u00e9n\u00e9ral de Gaulle 03 03 03 03 03 | mail@mail.fr","og_url":"https:\/\/www.espritdentreprendre.fr\/nouveau-site\/contact\/","og_site_name":"Esprit d&#039;entreprendre","article_modified_time":"2023-10-17T14:24:51+00:00","twitter_card":"summary_large_image","twitter_misc":{"Dur\u00e9e de lecture estim\u00e9e":"2 minutes"},"schema":{"@context":"https:\/\/schema.org","@graph":[{"@type":"WebPage","@id":"https:\/\/www.espritdentreprendre.fr\/nouveau-site\/contact\/","url":"https:\/\/www.espritdentreprendre.fr\/nouveau-site\/contact\/","name":"Contact - Esprit d&#039;entreprendre","isPartOf":{"@id":"https:\/\/www.espritdentreprendre.fr\/nouveau-site\/#website"},"datePublished":"2023-10-16T07:29:13+00:00","dateModified":"2023-10-17T14:24:51+00:00","breadcrumb":{"@id":"https:\/\/www.espritdentreprendre.fr\/nouveau-site\/contact\/#breadcrumb"},"inLanguage":"fr-FR","potentialAction":[{"@type":"ReadAction","target":["https:\/\/www.espritdentreprendre.fr\/nouveau-site\/contact\/"]}]},{"@type":"BreadcrumbList","@id":"https:\/\/www.espritdentreprendre.fr\/nouveau-site\/contact\/#breadcrumb","itemListElement":[{"@type":"ListItem","position":1,"name":"Accueil","item":"https:\/\/www.espritdentreprendre.fr\/nouveau-site\/"},{"@type":"ListItem","position":2,"name":"Contact"}]},{"@type":"WebSite","@id":"https:\/\/www.espritdentreprendre.fr\/nouveau-site\/#website","url":"https:\/\/www.espritdentreprendre.fr\/nouveau-site\/","name":"Esprit d&#039;entreprendre","description":"Un site utilisant WordPress","publisher":{"@id":"https:\/\/www.espritdentreprendre.fr\/nouveau-site\/#organization"},"potentialAction":[{"@type":"SearchAction","target":{"@type":"EntryPoint","urlTemplate":"https:\/\/www.espritdentreprendre.fr\/nouveau-site\/?s={search_term_string}"},"query-input":"required name=search_term_string"}],"inLanguage":"fr-FR"},{"@type":"Organization","@id":"https:\/\/www.espritdentreprendre.fr\/nouveau-site\/#organization","name":"Esprit d&#039;entreprendre","url":"https:\/\/www.espritdentreprendre.fr\/nouveau-site\/","logo":{"@type":"ImageObject","inLanguage":"fr-FR","@id":"https:\/\/www.espritdentreprendre.fr\/nouveau-site\/#\/schema\/logo\/image\/","url":"https:\/\/www.espritdentreprendre.fr\/nouveau-site\/wp-content\/uploads\/2023\/10\/img_Logotype.webp","contentUrl":"https:\/\/www.espritdentreprendre.fr\/nouveau-site\/wp-content\/uploads\/2023\/10\/img_Logotype.webp","width":681,"height":934,"caption":"Esprit d&#039;entreprendre"},"image":{"@id":"https:\/\/www.espritdentreprendre.fr\/nouveau-site\/#\/schema\/logo\/image\/"}}]}},"_links":{"self":[{"href":"https:\/\/www.espritdentreprendre.fr\/nouveau-site\/wp-json\/wp\/v2\/pages\/15","targetHints":{"allow":["GET"]}}],"collection":[{"href":"https:\/\/www.espritdentreprendre.fr\/nouveau-site\/wp-json\/wp\/v2\/pages"}],"about":[{"href":"https:\/\/www.espritdentreprendre.fr\/nouveau-site\/wp-json\/wp\/v2\/types\/page"}],"author":[{"embeddable":true,"href":"https:\/\/www.espritdentreprendre.fr\/nouveau-site\/wp-json\/wp\/v2\/users\/1"}],"replies":[{"embeddable":true,"href":"https:\/\/www.espritdentreprendre.fr\/nouveau-site\/wp-json\/wp\/v2\/comments?post=15"}],"version-history":[{"count":5,"href":"https:\/\/www.espritdentreprendre.fr\/nouveau-site\/wp-json\/wp\/v2\/pages\/15\/revisions"}],"predecessor-version":[{"id":351,"href":"https:\/\/www.espritdentreprendre.fr\/nouveau-site\/wp-json\/wp\/v2\/pages\/15\/revisions\/351"}],"wp:attachment":[{"href":"https:\/\/www.espritdentreprendre.fr\/nouveau-site\/wp-json\/wp\/v2\/media?parent=15"}],"curies":[{"name":"wp","href":"https:\/\/api.w.org\/{rel}","templated":true}]}}